{"id":8518,"date":"2023-11-29T11:16:37","date_gmt":"2023-11-29T11:16:37","guid":{"rendered":"https:\/\/saulkrastubiblioteka.lv\/?page_id=8518"},"modified":"2023-11-29T11:16:37","modified_gmt":"2023-11-29T11:16:37","slug":"saulkrastu-novada-biblioteka-pieejamie-preses-izdevumi-2024-gada","status":"publish","type":"page","link":"https:\/\/saulkrastubiblioteka.lv\/index.php\/saulkrastu-novada-biblioteka-pieejamie-preses-izdevumi-2024-gada\/","title":{"rendered":"Saulkrastu novada bibliot\u0113k\u0101 pieejamie preses izdevumi 2024. gad\u0101"},"content":{"rendered":"\n<p>Laikraksti<\/p>\n\n\n\n<p>Diena<\/p>\n\n\n\n<p>Ievas Padomu Av\u012bze<\/p>\n\n\n\n<p>KDI<\/p>\n\n\n\n<p>Latvijas Av\u012bze<\/p>\n\n\n\n<p>R\u012bgas Apri\u0146\u0137a Av\u012bze<\/p>\n\n\n\n<p>Saulkrastu Domes Zi\u0146as<\/p>\n\n\n\n<p>\u017durn\u0101li<\/p>\n\n\n\n<p>Annas Psiholo\u0123ija<\/p>\n\n\n\n<p>Astes<\/p>\n\n\n\n<p>Burda Style ENG<\/p>\n\n\n\n<p>Cit\u0101d\u0101 Pasaule<\/p>\n\n\n\n<p>Copes Lietas<\/p>\n\n\n\n<p>Dari Pats<\/p>\n\n\n\n<p>D\u0101rza Pasaule<\/p>\n\n\n\n<p>Deko<\/p>\n\n\n\n<p>Dienas Bizness<\/p>\n\n\n\n<p>Domuz\u012bme<\/p>\n\n\n\n<p>GEO<\/p>\n\n\n\n<p>Ieva<\/p>\n\n\n\n<p>Ievas St\u0101sti<\/p>\n\n\n\n<p>Ievas Vesel\u012bba<\/p>\n\n\n\n<p>Ilustr\u0113t\u0101 Pasaules V\u0113sture<\/p>\n\n\n\n<p>Ilustr\u0113t\u0101 Zin\u0101tne<\/p>\n\n\n\n<p>Imperfekt<\/p>\n\n\n\n<p>Ir<\/p>\n\n\n\n<p>Jaunais OK<\/p>\n\n\n\n<p>Klubs<\/p>\n\n\n\n<p>Ko \u0100rsti Tev Nest\u0101sta<\/p>\n\n\n\n<p>Latvijas Le\u0123endas<\/p>\n\n\n\n<p>Latvijas Noklus\u0113t\u0101 Pag\u0101tne<\/p>\n\n\n\n<p>Lauku M\u0101ja<\/p>\n\n\n\n<p>Le\u0123endas<\/p>\n\n\n\n<p>Likums un Taisn\u012bba<\/p>\n\n\n\n<p>Lilita<\/p>\n\n\n\n<p>Mans Mazais<\/p>\n\n\n\n<p>M\u0101jas Viesis<\/p>\n\n\n\n<p>Nezin\u0101m\u0101 Kara V\u0113sture<\/p>\n\n\n\n<p>Nezin\u0101m\u0101 V\u0113sture<\/p>\n\n\n\n<p>Nosl\u0113pumi un Fakti<\/p>\n\n\n\n<p>Padoms Rok\u0101<\/p>\n\n\n\n<p>Paties\u0101 Dz\u012bve<\/p>\n\n\n\n<p>Plan\u0113tas Nosl\u0113pumi<\/p>\n\n\n\n<p>Praktiskais Latvietis<\/p>\n\n\n\n<p>Praktiskie Rokdarbi<\/p>\n\n\n\n<p>R\u012bgas Laiks<\/p>\n\n\n\n<p>Santa<\/p>\n\n\n\n<p>SestDiena<\/p>\n\n\n\n<p>100 Labi Padomi<\/p>\n\n\n\n<p>Sporta Av\u012bze<\/p>\n\n\n\n<p>Una<\/p>\n\n\n\n<p>Vesel\u012bba<\/p>\n\n\n\n<p>Zintnieks<\/p>\n\n\n\n<p>B\u0113rnu \u017eurn\u0101li<\/p>\n\n\n\n<p>Baltais Valis<\/p>\n\n\n\n<p>Donalds Daks<\/p>\n\n\n\n<p>Ilustr\u0113t\u0101&nbsp; Junioriem<\/p>\n\n\n\n<p>Ilustr\u0113t\u0101 Junioriem Mini<\/p>\n\n\n\n<p>Ledus Sirds<\/p>\n\n\n\n<p>R\u016b\u0137\u012btis<\/p>\n\n\n\n<p>V\u0101\u0123i<\/p>\n","protected":false},"excerpt":{"rendered":"<p>Laikraksti Diena Ievas Padomu Av\u012bze KDI Latvijas Av\u012bze R\u012bgas Apri\u0146\u0137a Av\u012bze Saulkrastu Domes Zi\u0146as \u017durn\u0101li Annas Psiholo\u0123ija Astes Burda Style ENG Cit\u0101d\u0101 Pasaule Copes Lietas Dari Pats D\u0101rza Pasaule Deko Dienas Bizness Domuz\u012bme GEO Ieva Ievas St\u0101sti Ievas Vesel\u012bba Ilustr\u0113t\u0101 Pasaules V\u0113sture Ilustr\u0113t\u0101 Zin\u0101tne Imperfekt Ir Jaunais OK Klubs Ko \u0100rsti Tev Nest\u0101sta Latvijas Le\u0123endas &hellip; <a href=\"https:\/\/saulkrastubiblioteka.lv\/index.php\/saulkrastu-novada-biblioteka-pieejamie-preses-izdevumi-2024-gada\/\" class=\"more-link\">Turpin\u0101t las\u012bt<span class=\"screen-reader-text\"> &#8220;Saulkrastu novada bibliot\u0113k\u0101 pieejamie preses izdevumi 2024. gad\u0101&#8221;<\/span><\/a><\/p>\n","protected":false},"author":1,"featured_media":0,"parent":0,"menu_order":0,"comment_status":"closed","ping_status":"closed","template":"","meta":{"footnotes":""},"class_list":["post-8518","page","type-page","status-publish","hentry"],"yoast_head":"<!-- This site is optimized with the Yoast SEO plugin v24.2 - https:\/\/yoast.com\/wordpress\/plugins\/seo\/ -->\n<title>Saulkrastu novada bibliot\u0113k\u0101 pieejamie preses izdevumi 2024. gad\u0101 - Saulkrastu novada bibliot\u0113ka<\/title>\n<meta name=\"robots\" content=\"index, follow, max-snippet:-1, max-image-preview:large, max-video-preview:-1\" \/>\n<link rel=\"canonical\" href=\"https:\/\/saulkrastubiblioteka.lv\/index.php\/saulkrastu-novada-biblioteka-pieejamie-preses-izdevumi-2024-gada\/\" \/>\n<meta property=\"og:locale\" content=\"lv_LV\" \/>\n<meta property=\"og:type\" content=\"article\" \/>\n<meta property=\"og:title\" content=\"Saulkrastu novada bibliot\u0113k\u0101 pieejamie preses izdevumi 2024. gad\u0101 - Saulkrastu novada bibliot\u0113ka\" \/>\n<meta property=\"og:description\" content=\"Laikraksti Diena Ievas Padomu Av\u012bze KDI Latvijas Av\u012bze R\u012bgas Apri\u0146\u0137a Av\u012bze Saulkrastu Domes Zi\u0146as \u017durn\u0101li Annas Psiholo\u0123ija Astes Burda Style ENG Cit\u0101d\u0101 Pasaule Copes Lietas Dari Pats D\u0101rza Pasaule Deko Dienas Bizness Domuz\u012bme GEO Ieva Ievas St\u0101sti Ievas Vesel\u012bba Ilustr\u0113t\u0101 Pasaules V\u0113sture Ilustr\u0113t\u0101 Zin\u0101tne Imperfekt Ir Jaunais OK Klubs Ko \u0100rsti Tev Nest\u0101sta Latvijas Le\u0123endas &hellip; Turpin\u0101t las\u012bt &quot;Saulkrastu novada bibliot\u0113k\u0101 pieejamie preses izdevumi 2024. gad\u0101&quot;\" \/>\n<meta property=\"og:url\" content=\"https:\/\/saulkrastubiblioteka.lv\/index.php\/saulkrastu-novada-biblioteka-pieejamie-preses-izdevumi-2024-gada\/\" \/>\n<meta property=\"og:site_name\" content=\"Saulkrastu novada bibliot\u0113ka\" \/>\n<meta name=\"twitter:card\" content=\"summary_large_image\" \/>\n<meta name=\"twitter:label1\" content=\"Est. reading time\" \/>\n\t<meta name=\"twitter:data1\" content=\"1 min\u016bte\" \/>\n<script type=\"application\/ld+json\" class=\"yoast-schema-graph\">{\"@context\":\"https:\/\/schema.org\",\"@graph\":[{\"@type\":\"WebPage\",\"@id\":\"https:\/\/saulkrastubiblioteka.lv\/index.php\/saulkrastu-novada-biblioteka-pieejamie-preses-izdevumi-2024-gada\/\",\"url\":\"https:\/\/saulkrastubiblioteka.lv\/index.php\/saulkrastu-novada-biblioteka-pieejamie-preses-izdevumi-2024-gada\/\",\"name\":\"Saulkrastu novada bibliot\u0113k\u0101 pieejamie preses izdevumi 2024. gad\u0101 - Saulkrastu novada bibliot\u0113ka\",\"isPartOf\":{\"@id\":\"https:\/\/saulkrastubiblioteka.lv\/#website\"},\"datePublished\":\"2023-11-29T11:16:37+00:00\",\"dateModified\":\"2023-11-29T11:16:37+00:00\",\"breadcrumb\":{\"@id\":\"https:\/\/saulkrastubiblioteka.lv\/index.php\/saulkrastu-novada-biblioteka-pieejamie-preses-izdevumi-2024-gada\/#breadcrumb\"},\"inLanguage\":\"lv-LV\",\"potentialAction\":[{\"@type\":\"ReadAction\",\"target\":[\"https:\/\/saulkrastubiblioteka.lv\/index.php\/saulkrastu-novada-biblioteka-pieejamie-preses-izdevumi-2024-gada\/\"]}]},{\"@type\":\"BreadcrumbList\",\"@id\":\"https:\/\/saulkrastubiblioteka.lv\/index.php\/saulkrastu-novada-biblioteka-pieejamie-preses-izdevumi-2024-gada\/#breadcrumb\",\"itemListElement\":[{\"@type\":\"ListItem\",\"position\":1,\"name\":\"Home\",\"item\":\"https:\/\/saulkrastubiblioteka.lv\/\"},{\"@type\":\"ListItem\",\"position\":2,\"name\":\"Saulkrastu novada bibliot\u0113k\u0101 pieejamie preses izdevumi 2024. gad\u0101\"}]},{\"@type\":\"WebSite\",\"@id\":\"https:\/\/saulkrastubiblioteka.lv\/#website\",\"url\":\"https:\/\/saulkrastubiblioteka.lv\/\",\"name\":\"Saulkrastu novada bibliot\u0113ka\",\"description\":\"Vieta, kur labi pavad\u012bt laiku un pab\u016bt mier\u0101\",\"publisher\":{\"@id\":\"https:\/\/saulkrastubiblioteka.lv\/#organization\"},\"potentialAction\":[{\"@type\":\"SearchAction\",\"target\":{\"@type\":\"EntryPoint\",\"urlTemplate\":\"https:\/\/saulkrastubiblioteka.lv\/?s={search_term_string}\"},\"query-input\":{\"@type\":\"PropertyValueSpecification\",\"valueRequired\":true,\"valueName\":\"search_term_string\"}}],\"inLanguage\":\"lv-LV\"},{\"@type\":\"Organization\",\"@id\":\"https:\/\/saulkrastubiblioteka.lv\/#organization\",\"name\":\"Saulkrastu novada bibliot\u0113ka\",\"url\":\"https:\/\/saulkrastubiblioteka.lv\/\",\"logo\":{\"@type\":\"ImageObject\",\"inLanguage\":\"lv-LV\",\"@id\":\"https:\/\/saulkrastubiblioteka.lv\/#\/schema\/logo\/image\/\",\"url\":\"https:\/\/saulkrastubiblioteka.lv\/wp-content\/uploads\/2021\/01\/cropped-logo.png\",\"contentUrl\":\"https:\/\/saulkrastubiblioteka.lv\/wp-content\/uploads\/2021\/01\/cropped-logo.png\",\"width\":240,\"height\":240,\"caption\":\"Saulkrastu novada bibliot\u0113ka\"},\"image\":{\"@id\":\"https:\/\/saulkrastubiblioteka.lv\/#\/schema\/logo\/image\/\"}}]}<\/script>\n<!-- \/ Yoast SEO plugin. -->","yoast_head_json":{"title":"Saulkrastu novada bibliot\u0113k\u0101 pieejamie preses izdevumi 2024. gad\u0101 - Saulkrastu novada bibliot\u0113ka","robots":{"index":"index","follow":"follow","max-snippet":"max-snippet:-1","max-image-preview":"max-image-preview:large","max-video-preview":"max-video-preview:-1"},"canonical":"https:\/\/saulkrastubiblioteka.lv\/index.php\/saulkrastu-novada-biblioteka-pieejamie-preses-izdevumi-2024-gada\/","og_locale":"lv_LV","og_type":"article","og_title":"Saulkrastu novada bibliot\u0113k\u0101 pieejamie preses izdevumi 2024. gad\u0101 - Saulkrastu novada bibliot\u0113ka","og_description":"Laikraksti Diena Ievas Padomu Av\u012bze KDI Latvijas Av\u012bze R\u012bgas Apri\u0146\u0137a Av\u012bze Saulkrastu Domes Zi\u0146as \u017durn\u0101li Annas Psiholo\u0123ija Astes Burda Style ENG Cit\u0101d\u0101 Pasaule Copes Lietas Dari Pats D\u0101rza Pasaule Deko Dienas Bizness Domuz\u012bme GEO Ieva Ievas St\u0101sti Ievas Vesel\u012bba Ilustr\u0113t\u0101 Pasaules V\u0113sture Ilustr\u0113t\u0101 Zin\u0101tne Imperfekt Ir Jaunais OK Klubs Ko \u0100rsti Tev Nest\u0101sta Latvijas Le\u0123endas &hellip; Turpin\u0101t las\u012bt \"Saulkrastu novada bibliot\u0113k\u0101 pieejamie preses izdevumi 2024. gad\u0101\"","og_url":"https:\/\/saulkrastubiblioteka.lv\/index.php\/saulkrastu-novada-biblioteka-pieejamie-preses-izdevumi-2024-gada\/","og_site_name":"Saulkrastu novada bibliot\u0113ka","twitter_card":"summary_large_image","twitter_misc":{"Est. reading time":"1 min\u016bte"},"schema":{"@context":"https:\/\/schema.org","@graph":[{"@type":"WebPage","@id":"https:\/\/saulkrastubiblioteka.lv\/index.php\/saulkrastu-novada-biblioteka-pieejamie-preses-izdevumi-2024-gada\/","url":"https:\/\/saulkrastubiblioteka.lv\/index.php\/saulkrastu-novada-biblioteka-pieejamie-preses-izdevumi-2024-gada\/","name":"Saulkrastu novada bibliot\u0113k\u0101 pieejamie preses izdevumi 2024. gad\u0101 - Saulkrastu novada bibliot\u0113ka","isPartOf":{"@id":"https:\/\/saulkrastubiblioteka.lv\/#website"},"datePublished":"2023-11-29T11:16:37+00:00","dateModified":"2023-11-29T11:16:37+00:00","breadcrumb":{"@id":"https:\/\/saulkrastubiblioteka.lv\/index.php\/saulkrastu-novada-biblioteka-pieejamie-preses-izdevumi-2024-gada\/#breadcrumb"},"inLanguage":"lv-LV","potentialAction":[{"@type":"ReadAction","target":["https:\/\/saulkrastubiblioteka.lv\/index.php\/saulkrastu-novada-biblioteka-pieejamie-preses-izdevumi-2024-gada\/"]}]},{"@type":"BreadcrumbList","@id":"https:\/\/saulkrastubiblioteka.lv\/index.php\/saulkrastu-novada-biblioteka-pieejamie-preses-izdevumi-2024-gada\/#breadcrumb","itemListElement":[{"@type":"ListItem","position":1,"name":"Home","item":"https:\/\/saulkrastubiblioteka.lv\/"},{"@type":"ListItem","position":2,"name":"Saulkrastu novada bibliot\u0113k\u0101 pieejamie preses izdevumi 2024. gad\u0101"}]},{"@type":"WebSite","@id":"https:\/\/saulkrastubiblioteka.lv\/#website","url":"https:\/\/saulkrastubiblioteka.lv\/","name":"Saulkrastu novada bibliot\u0113ka","description":"Vieta, kur labi pavad\u012bt laiku un pab\u016bt mier\u0101","publisher":{"@id":"https:\/\/saulkrastubiblioteka.lv\/#organization"},"potentialAction":[{"@type":"SearchAction","target":{"@type":"EntryPoint","urlTemplate":"https:\/\/saulkrastubiblioteka.lv\/?s={search_term_string}"},"query-input":{"@type":"PropertyValueSpecification","valueRequired":true,"valueName":"search_term_string"}}],"inLanguage":"lv-LV"},{"@type":"Organization","@id":"https:\/\/saulkrastubiblioteka.lv\/#organization","name":"Saulkrastu novada bibliot\u0113ka","url":"https:\/\/saulkrastubiblioteka.lv\/","logo":{"@type":"ImageObject","inLanguage":"lv-LV","@id":"https:\/\/saulkrastubiblioteka.lv\/#\/schema\/logo\/image\/","url":"https:\/\/saulkrastubiblioteka.lv\/wp-content\/uploads\/2021\/01\/cropped-logo.png","contentUrl":"https:\/\/saulkrastubiblioteka.lv\/wp-content\/uploads\/2021\/01\/cropped-logo.png","width":240,"height":240,"caption":"Saulkrastu novada bibliot\u0113ka"},"image":{"@id":"https:\/\/saulkrastubiblioteka.lv\/#\/schema\/logo\/image\/"}}]}},"_links":{"self":[{"href":"https:\/\/saulkrastubiblioteka.lv\/index.php\/wp-json\/wp\/v2\/pages\/8518","targetHints":{"allow":["GET"]}}],"collection":[{"href":"https:\/\/saulkrastubiblioteka.lv\/index.php\/wp-json\/wp\/v2\/pages"}],"about":[{"href":"https:\/\/saulkrastubiblioteka.lv\/index.php\/wp-json\/wp\/v2\/types\/page"}],"author":[{"embeddable":true,"href":"https:\/\/saulkrastubiblioteka.lv\/index.php\/wp-json\/wp\/v2\/users\/1"}],"replies":[{"embeddable":true,"href":"https:\/\/saulkrastubiblioteka.lv\/index.php\/wp-json\/wp\/v2\/comments?post=8518"}],"version-history":[{"count":1,"href":"https:\/\/saulkrastubiblioteka.lv\/index.php\/wp-json\/wp\/v2\/pages\/8518\/revisions"}],"predecessor-version":[{"id":8520,"href":"https:\/\/saulkrastubiblioteka.lv\/index.php\/wp-json\/wp\/v2\/pages\/8518\/revisions\/8520"}],"wp:attachment":[{"href":"https:\/\/saulkrastubiblioteka.lv\/index.php\/wp-json\/wp\/v2\/media?parent=8518"}],"curies":[{"name":"wp","href":"https:\/\/api.w.org\/{rel}","templated":true}]}}