{"id":8406,"date":"2023-08-03T11:28:51","date_gmt":"2023-08-03T11:28:51","guid":{"rendered":"https:\/\/saulkrastubiblioteka.lv\/?page_id=8406"},"modified":"2023-08-10T07:56:37","modified_gmt":"2023-08-10T07:56:37","slug":"maksligais-intelekts","status":"publish","type":"page","link":"https:\/\/saulkrastubiblioteka.lv\/index.php\/maksligais-intelekts\/","title":{"rendered":"M\u0101ksl\u012bgais intelekts"},"content":{"rendered":"\n<p><a href=\"https:\/\/chat.openai.com\/auth\/login\"><strong>Chat GPT<\/strong><\/a> \u2013 t\u0113rz\u0113\u0161anas robots un rakst\u012b\u0161anas pal\u012bga lietotne, kas, pateicoties valodas apstr\u0101des iesp\u0113j\u0101m, saprot jaut\u0101jumu, sp\u0113j uz to rea\u0123\u0113t un atbild\u0113t. Jaut\u0101jumus var uzdot ar\u012b latvie\u0161u valod\u0101. J\u0101atz\u012bm\u0113, ka, lai gan ir ieviesti dro\u0161\u012bbas pas\u0101kumi, da\u017ek\u0101rt sist\u0113ma var \u0123ener\u0113t nepareizu vai maldino\u0161u inform\u0101ciju, k\u0101 ar\u012b, izmantojot Chat GPT, neraksti par sevi sensit\u012bvu inform\u0101ciju.<\/p>\n\n\n\n<p><a href=\"https:\/\/www.findyournextbook.ai\/\"><strong>Findyournext<\/strong><strong>book<\/strong><\/a> (Atrodi savu n\u0101kamo gr\u0101matu) \u2013 atvieglos Tev atrast n\u0101kamo las\u0101mvielu. Datub\u0101z\u0113 pieejami t\u016bksto\u0161iem monogr\u0101fiju un, nor\u0101dot \u017eanru, t\u0113lu, si\u017eeta pamatl\u012bnijas, tiks ieteikta gr\u0101mata no pla\u0161\u0101s kolekcijas. Lai ieg\u016btu vislab\u0101kos rezult\u0101tus, v\u0113lams nor\u0101d\u012bt p\u0113c iesp\u0113jas prec\u012bz\u0101k savas v\u0113lmes. Jaut\u0101jumus var uzdot latvie\u0161u valod\u0101, bet atbilde b\u016bs ang\u013cu valod\u0101.<\/p>\n\n\n\n<p><a href=\"https:\/\/journeai.com\/\"><strong>Journe-Ai<\/strong><strong>&nbsp;<\/strong><\/a><strong> <\/strong>&#8211; ce\u013cojuma lietotne, kura sniedz personaliz\u0113tus mar\u0161ruta ieteikumus. Nor\u0101di, ko v\u0113lies redz\u0113t, k\u0101d\u0101s aktivit\u0101t\u0113s v\u0113lies piedal\u012bties, cik ilgu ce\u013cojumu grib\u0113tu, vai ce\u013cosi kop\u0101 ar b\u0113rniem u.t.t Aprakstot, k\u0101da veida ce\u013cojumu J\u016bs v\u0113l\u0113tos, lietotne izmanto doto inform\u0101ciju, lai izveidotu Jums piem\u0113rot\u0101ko mar\u0161rutu. J\u0101atz\u012bm\u0113, ka \u0161o inform\u0101ciju \u0123ener\u0113 datorprogramma, l\u012bdz ar to, dati var neb\u016bt piln\u012bgi. Ce\u013cojuma aprakstu var veidot latvie\u0161u valod\u0101.<\/p>\n\n\n\n<p><a href=\"https:\/\/www.hellohistory.ai\/\"><strong>Hello History<\/strong><\/a><strong> \u2013 <\/strong>mobil\u0101 lietotne, kas \u013cauj t\u0113rz\u0113t ar slaven\u0101m v\u0113sturisk\u0101m person\u012bb\u0101m, piem\u0113ram Aristoteli, Kleopatru, St\u012bvu D\u017eobsu, Gandhi, u.c.. Interesants veids k\u0101 iepaz\u012bt visda\u017e\u0101d\u0101k\u0101s t\u0113mas, s\u0101kot no filozofijas un zin\u0101tnes l\u012bdz sazv\u0113rest\u012bb\u0101m, motiv\u0101cijai un person\u012bgiem padomiem. Bez maksas iesp\u0113jami 20 zi\u0146ojumi.<\/p>\n\n\n\n<p><a href=\"https:\/\/askthee.vercel.app\/\"><strong>AskThee<\/strong><\/a> \u2013 uzdod jaut\u0101jumu m\u0101ksliniekiem, zin\u0101tniekiem, filozofiem vai k\u0101d\u0101m cit\u0101m slaven\u0101m person\u012bb\u0101m. Var uzdot tr\u012bs jaut\u0101jumus 24 stund\u0101s. Jaut\u0101jumus var uzdot latvie\u0161u valod\u0101.<\/p>\n\n\n\n<p><a href=\"https:\/\/consensus.app\/search\/\"><strong>Consensus<\/strong><\/a> \u2013 jauna mekl\u0113t\u0101jprogramma, kas izmanto m\u0101ksl\u012bgo intelektu. Uzdodiet jaut\u0101jumus un ieg\u016bstiet atbildes no p\u0113tnieciskajiem darbiem. Ang\u013cu valod\u0101.<\/p>\n\n\n\n<p><a href=\"https:\/\/www.chefgpt.xyz\/\"><strong>ChefGPT<\/strong><\/a>&#8211; person\u012bgais \u0161efpav\u0101rs. Nor\u0101dot, k\u0101das ir J\u016bsu gatavo\u0161anas prasmes, pieejam\u0101s sast\u0101vda\u013cas un cik ilgi pl\u0101nojat gatavot \u0113st, ChefGPT ieteiks receptes no t\u0101, kas jau m\u0101j\u0101s ir pieejams. Iesp\u0113jams re\u0123istr\u0113ties bez maksas un izmantot katru m\u0113nesi 5 \u0123ener\u0113tas receptes. Ang\u013cu valod\u0101.<\/p>\n\n\n\n<p><a href=\"https:\/\/focusonai.com\/ai-tool\/paraphraser\/\"><strong>Paraphrase<\/strong><\/a> \u2013 r\u012bks, kas p\u0101rfr\u0101z\u0113 teikumus vair\u0101k k\u0101 100 valod\u0101s, k\u0101 ar\u012b ir pieejami 15 bezmaksas re\u017e\u012bmi, k\u0101 var p\u0101rfr\u0101z\u0113t \u2013 diplom\u0101tiski, form\u0101li, neform\u0101li u.c. Latvie\u0161u valod\u0101 ar\u012b ir iesp\u0113jams p\u0101rfr\u0101z\u0113t, bet j\u0101\u0146em v\u0113r\u0101, ka var b\u016bt gramatiski nepareizi.<\/p>\n\n\n\n<p><strong><a href=\"https:\/\/gen.gifts\/\">Gifts Genie<\/a> <\/strong>\u2013 D\u0101vanu ideju \u0123enerators. Nor\u0101di personu kurai d\u0101vin\u0101si, vecumu, hobiju, bud\u017eetu un Gifts Genie pal\u012bdz\u0113s tev izv\u0113l\u0113ties p\u0101rdom\u0101tu d\u0101vanu. Ang\u013cu valod\u0101.<\/p>\n","protected":false},"excerpt":{"rendered":"<p>Chat GPT \u2013 t\u0113rz\u0113\u0161anas robots un rakst\u012b\u0161anas pal\u012bga lietotne, kas, pateicoties valodas apstr\u0101des iesp\u0113j\u0101m, saprot jaut\u0101jumu, sp\u0113j uz to rea\u0123\u0113t un atbild\u0113t. Jaut\u0101jumus var uzdot ar\u012b latvie\u0161u valod\u0101. J\u0101atz\u012bm\u0113, ka, lai gan ir ieviesti dro\u0161\u012bbas pas\u0101kumi, da\u017ek\u0101rt sist\u0113ma var \u0123ener\u0113t nepareizu vai maldino\u0161u inform\u0101ciju, k\u0101 ar\u012b, izmantojot Chat GPT, neraksti par sevi sensit\u012bvu inform\u0101ciju. Findyournextbook &hellip; <a href=\"https:\/\/saulkrastubiblioteka.lv\/index.php\/maksligais-intelekts\/\" class=\"more-link\">Turpin\u0101t las\u012bt<span class=\"screen-reader-text\"> &#8220;M\u0101ksl\u012bgais intelekts&#8221;<\/span><\/a><\/p>\n","protected":false},"author":1,"featured_media":0,"parent":0,"menu_order":0,"comment_status":"closed","ping_status":"closed","template":"","meta":{"footnotes":""},"class_list":["post-8406","page","type-page","status-publish","hentry"],"yoast_head":"<!-- This site is optimized with the Yoast SEO plugin v24.2 - https:\/\/yoast.com\/wordpress\/plugins\/seo\/ -->\n<title>M\u0101ksl\u012bgais intelekts - Saulkrastu novada bibliot\u0113ka<\/title>\n<meta name=\"robots\" content=\"index, follow, max-snippet:-1, max-image-preview:large, max-video-preview:-1\" \/>\n<link rel=\"canonical\" href=\"https:\/\/saulkrastubiblioteka.lv\/index.php\/maksligais-intelekts\/\" \/>\n<meta property=\"og:locale\" content=\"lv_LV\" \/>\n<meta property=\"og:type\" content=\"article\" \/>\n<meta property=\"og:title\" content=\"M\u0101ksl\u012bgais intelekts - Saulkrastu novada bibliot\u0113ka\" \/>\n<meta property=\"og:description\" content=\"Chat GPT \u2013 t\u0113rz\u0113\u0161anas robots un rakst\u012b\u0161anas pal\u012bga lietotne, kas, pateicoties valodas apstr\u0101des iesp\u0113j\u0101m, saprot jaut\u0101jumu, sp\u0113j uz to rea\u0123\u0113t un atbild\u0113t. Jaut\u0101jumus var uzdot ar\u012b latvie\u0161u valod\u0101. J\u0101atz\u012bm\u0113, ka, lai gan ir ieviesti dro\u0161\u012bbas pas\u0101kumi, da\u017ek\u0101rt sist\u0113ma var \u0123ener\u0113t nepareizu vai maldino\u0161u inform\u0101ciju, k\u0101 ar\u012b, izmantojot Chat GPT, neraksti par sevi sensit\u012bvu inform\u0101ciju. Findyournextbook &hellip; Turpin\u0101t las\u012bt &quot;M\u0101ksl\u012bgais intelekts&quot;\" \/>\n<meta property=\"og:url\" content=\"https:\/\/saulkrastubiblioteka.lv\/index.php\/maksligais-intelekts\/\" \/>\n<meta property=\"og:site_name\" content=\"Saulkrastu novada bibliot\u0113ka\" \/>\n<meta property=\"article:modified_time\" content=\"2023-08-10T07:56:37+00:00\" \/>\n<meta name=\"twitter:card\" content=\"summary_large_image\" \/>\n<meta name=\"twitter:label1\" content=\"Est. reading time\" \/>\n\t<meta name=\"twitter:data1\" content=\"2 min\u016btes\" \/>\n<script type=\"application\/ld+json\" class=\"yoast-schema-graph\">{\"@context\":\"https:\/\/schema.org\",\"@graph\":[{\"@type\":\"WebPage\",\"@id\":\"https:\/\/saulkrastubiblioteka.lv\/index.php\/maksligais-intelekts\/\",\"url\":\"https:\/\/saulkrastubiblioteka.lv\/index.php\/maksligais-intelekts\/\",\"name\":\"M\u0101ksl\u012bgais intelekts - Saulkrastu novada bibliot\u0113ka\",\"isPartOf\":{\"@id\":\"https:\/\/saulkrastubiblioteka.lv\/#website\"},\"datePublished\":\"2023-08-03T11:28:51+00:00\",\"dateModified\":\"2023-08-10T07:56:37+00:00\",\"breadcrumb\":{\"@id\":\"https:\/\/saulkrastubiblioteka.lv\/index.php\/maksligais-intelekts\/#breadcrumb\"},\"inLanguage\":\"lv-LV\",\"potentialAction\":[{\"@type\":\"ReadAction\",\"target\":[\"https:\/\/saulkrastubiblioteka.lv\/index.php\/maksligais-intelekts\/\"]}]},{\"@type\":\"BreadcrumbList\",\"@id\":\"https:\/\/saulkrastubiblioteka.lv\/index.php\/maksligais-intelekts\/#breadcrumb\",\"itemListElement\":[{\"@type\":\"ListItem\",\"position\":1,\"name\":\"Home\",\"item\":\"https:\/\/saulkrastubiblioteka.lv\/\"},{\"@type\":\"ListItem\",\"position\":2,\"name\":\"M\u0101ksl\u012bgais intelekts\"}]},{\"@type\":\"WebSite\",\"@id\":\"https:\/\/saulkrastubiblioteka.lv\/#website\",\"url\":\"https:\/\/saulkrastubiblioteka.lv\/\",\"name\":\"Saulkrastu novada bibliot\u0113ka\",\"description\":\"Vieta, kur labi pavad\u012bt laiku un pab\u016bt mier\u0101\",\"publisher\":{\"@id\":\"https:\/\/saulkrastubiblioteka.lv\/#organization\"},\"potentialAction\":[{\"@type\":\"SearchAction\",\"target\":{\"@type\":\"EntryPoint\",\"urlTemplate\":\"https:\/\/saulkrastubiblioteka.lv\/?s={search_term_string}\"},\"query-input\":{\"@type\":\"PropertyValueSpecification\",\"valueRequired\":true,\"valueName\":\"search_term_string\"}}],\"inLanguage\":\"lv-LV\"},{\"@type\":\"Organization\",\"@id\":\"https:\/\/saulkrastubiblioteka.lv\/#organization\",\"name\":\"Saulkrastu novada bibliot\u0113ka\",\"url\":\"https:\/\/saulkrastubiblioteka.lv\/\",\"logo\":{\"@type\":\"ImageObject\",\"inLanguage\":\"lv-LV\",\"@id\":\"https:\/\/saulkrastubiblioteka.lv\/#\/schema\/logo\/image\/\",\"url\":\"https:\/\/saulkrastubiblioteka.lv\/wp-content\/uploads\/2021\/01\/cropped-logo.png\",\"contentUrl\":\"https:\/\/saulkrastubiblioteka.lv\/wp-content\/uploads\/2021\/01\/cropped-logo.png\",\"width\":240,\"height\":240,\"caption\":\"Saulkrastu novada bibliot\u0113ka\"},\"image\":{\"@id\":\"https:\/\/saulkrastubiblioteka.lv\/#\/schema\/logo\/image\/\"}}]}<\/script>\n<!-- \/ Yoast SEO plugin. -->","yoast_head_json":{"title":"M\u0101ksl\u012bgais intelekts - Saulkrastu novada bibliot\u0113ka","robots":{"index":"index","follow":"follow","max-snippet":"max-snippet:-1","max-image-preview":"max-image-preview:large","max-video-preview":"max-video-preview:-1"},"canonical":"https:\/\/saulkrastubiblioteka.lv\/index.php\/maksligais-intelekts\/","og_locale":"lv_LV","og_type":"article","og_title":"M\u0101ksl\u012bgais intelekts - Saulkrastu novada bibliot\u0113ka","og_description":"Chat GPT \u2013 t\u0113rz\u0113\u0161anas robots un rakst\u012b\u0161anas pal\u012bga lietotne, kas, pateicoties valodas apstr\u0101des iesp\u0113j\u0101m, saprot jaut\u0101jumu, sp\u0113j uz to rea\u0123\u0113t un atbild\u0113t. Jaut\u0101jumus var uzdot ar\u012b latvie\u0161u valod\u0101. J\u0101atz\u012bm\u0113, ka, lai gan ir ieviesti dro\u0161\u012bbas pas\u0101kumi, da\u017ek\u0101rt sist\u0113ma var \u0123ener\u0113t nepareizu vai maldino\u0161u inform\u0101ciju, k\u0101 ar\u012b, izmantojot Chat GPT, neraksti par sevi sensit\u012bvu inform\u0101ciju. Findyournextbook &hellip; Turpin\u0101t las\u012bt \"M\u0101ksl\u012bgais intelekts\"","og_url":"https:\/\/saulkrastubiblioteka.lv\/index.php\/maksligais-intelekts\/","og_site_name":"Saulkrastu novada bibliot\u0113ka","article_modified_time":"2023-08-10T07:56:37+00:00","twitter_card":"summary_large_image","twitter_misc":{"Est. reading time":"2 min\u016btes"},"schema":{"@context":"https:\/\/schema.org","@graph":[{"@type":"WebPage","@id":"https:\/\/saulkrastubiblioteka.lv\/index.php\/maksligais-intelekts\/","url":"https:\/\/saulkrastubiblioteka.lv\/index.php\/maksligais-intelekts\/","name":"M\u0101ksl\u012bgais intelekts - Saulkrastu novada bibliot\u0113ka","isPartOf":{"@id":"https:\/\/saulkrastubiblioteka.lv\/#website"},"datePublished":"2023-08-03T11:28:51+00:00","dateModified":"2023-08-10T07:56:37+00:00","breadcrumb":{"@id":"https:\/\/saulkrastubiblioteka.lv\/index.php\/maksligais-intelekts\/#breadcrumb"},"inLanguage":"lv-LV","potentialAction":[{"@type":"ReadAction","target":["https:\/\/saulkrastubiblioteka.lv\/index.php\/maksligais-intelekts\/"]}]},{"@type":"BreadcrumbList","@id":"https:\/\/saulkrastubiblioteka.lv\/index.php\/maksligais-intelekts\/#breadcrumb","itemListElement":[{"@type":"ListItem","position":1,"name":"Home","item":"https:\/\/saulkrastubiblioteka.lv\/"},{"@type":"ListItem","position":2,"name":"M\u0101ksl\u012bgais intelekts"}]},{"@type":"WebSite","@id":"https:\/\/saulkrastubiblioteka.lv\/#website","url":"https:\/\/saulkrastubiblioteka.lv\/","name":"Saulkrastu novada bibliot\u0113ka","description":"Vieta, kur labi pavad\u012bt laiku un pab\u016bt mier\u0101","publisher":{"@id":"https:\/\/saulkrastubiblioteka.lv\/#organization"},"potentialAction":[{"@type":"SearchAction","target":{"@type":"EntryPoint","urlTemplate":"https:\/\/saulkrastubiblioteka.lv\/?s={search_term_string}"},"query-input":{"@type":"PropertyValueSpecification","valueRequired":true,"valueName":"search_term_string"}}],"inLanguage":"lv-LV"},{"@type":"Organization","@id":"https:\/\/saulkrastubiblioteka.lv\/#organization","name":"Saulkrastu novada bibliot\u0113ka","url":"https:\/\/saulkrastubiblioteka.lv\/","logo":{"@type":"ImageObject","inLanguage":"lv-LV","@id":"https:\/\/saulkrastubiblioteka.lv\/#\/schema\/logo\/image\/","url":"https:\/\/saulkrastubiblioteka.lv\/wp-content\/uploads\/2021\/01\/cropped-logo.png","contentUrl":"https:\/\/saulkrastubiblioteka.lv\/wp-content\/uploads\/2021\/01\/cropped-logo.png","width":240,"height":240,"caption":"Saulkrastu novada bibliot\u0113ka"},"image":{"@id":"https:\/\/saulkrastubiblioteka.lv\/#\/schema\/logo\/image\/"}}]}},"_links":{"self":[{"href":"https:\/\/saulkrastubiblioteka.lv\/index.php\/wp-json\/wp\/v2\/pages\/8406","targetHints":{"allow":["GET"]}}],"collection":[{"href":"https:\/\/saulkrastubiblioteka.lv\/index.php\/wp-json\/wp\/v2\/pages"}],"about":[{"href":"https:\/\/saulkrastubiblioteka.lv\/index.php\/wp-json\/wp\/v2\/types\/page"}],"author":[{"embeddable":true,"href":"https:\/\/saulkrastubiblioteka.lv\/index.php\/wp-json\/wp\/v2\/users\/1"}],"replies":[{"embeddable":true,"href":"https:\/\/saulkrastubiblioteka.lv\/index.php\/wp-json\/wp\/v2\/comments?post=8406"}],"version-history":[{"count":4,"href":"https:\/\/saulkrastubiblioteka.lv\/index.php\/wp-json\/wp\/v2\/pages\/8406\/revisions"}],"predecessor-version":[{"id":8419,"href":"https:\/\/saulkrastubiblioteka.lv\/index.php\/wp-json\/wp\/v2\/pages\/8406\/revisions\/8419"}],"wp:attachment":[{"href":"https:\/\/saulkrastubiblioteka.lv\/index.php\/wp-json\/wp\/v2\/media?parent=8406"}],"curies":[{"name":"wp","href":"https:\/\/api.w.org\/{rel}","templated":true}]}}