{"id":5884,"date":"2021-09-23T08:08:13","date_gmt":"2021-09-23T08:08:13","guid":{"rendered":"https:\/\/saulkrastubiblioteka.lv\/?page_id=5884"},"modified":"2021-09-23T08:08:14","modified_gmt":"2021-09-23T08:08:14","slug":"saulkrastu-novada-biblioteka","status":"publish","type":"page","link":"https:\/\/saulkrastubiblioteka.lv\/index.php\/saulkrastu-novada-biblioteka\/","title":{"rendered":"Saulkrastu novada bibliot\u0113ka"},"content":{"rendered":"\n<p><strong>T\u0101lrunis:<br>67951502, 25767667<\/strong><\/p>\n\n\n\n<p><strong>E-pasts:<\/strong><br><strong>saulkrastu.biblioteka@saulkrasti.lv<\/strong><\/p>\n\n\n\n<p><strong>Adrese:<br>Rai\u0146a iela 7, Saulkrasti,<br>Saulkrastu novads, LV\u20132160<br><\/strong><br><a href=\"https:\/\/saulkrastubiblioteka.lv\/index.php\/vaditaja\/\"><strong>VAD\u012aT\u0100JA<\/strong><\/a><br><a href=\"https:\/\/saulkrastubiblioteka.lv\/index.php\/darbinieki\/\"><strong>DARBINIEKI<\/strong><\/a><\/p>\n\n\n\n<h2 class=\"wp-block-heading\">Bibliot\u0113kas rekviz\u012bti<\/h2>\n\n\n\n<p>Maks\u0101t\u0101js: Saulkrastu novada dome<br>Rai\u0146a iel\u0101 8, Saulkrastos, LV-2160<br>Re\u0123.Nr. LV90000068680<br>PVN maks\u0101t\u0101ja Re\u0123.Nr. LV90000068680<br>Konts Nr. LV78UNLA0050008528948<br>AS SEB banka, kods: UNLALV2X<\/p>\n\n\n\n<p>Sa\u0146\u0113m\u0113js: Saulkrastu novada bibliot\u0113ka<br>Pieg\u0101des adrese: Rai\u0146a iel\u0101 7, Saulkrastos, LV-2160<\/p>\n","protected":false},"excerpt":{"rendered":"<p>T\u0101lrunis:67951502, 25767667 E-pasts:saulkrastu.biblioteka@saulkrasti.lv Adrese:Rai\u0146a iela 7, Saulkrasti,Saulkrastu novads, LV\u20132160VAD\u012aT\u0100JADARBINIEKI Bibliot\u0113kas rekviz\u012bti Maks\u0101t\u0101js: Saulkrastu novada domeRai\u0146a iel\u0101 8, Saulkrastos, LV-2160Re\u0123.Nr. LV90000068680PVN maks\u0101t\u0101ja Re\u0123.Nr. LV90000068680Konts Nr. LV78UNLA0050008528948AS SEB banka, kods: UNLALV2X Sa\u0146\u0113m\u0113js: Saulkrastu novada bibliot\u0113kaPieg\u0101des adrese: Rai\u0146a iel\u0101 7, Saulkrastos, LV-2160<\/p>\n","protected":false},"author":1,"featured_media":0,"parent":0,"menu_order":0,"comment_status":"closed","ping_status":"closed","template":"","meta":{"footnotes":""},"class_list":["post-5884","page","type-page","status-publish","hentry"],"yoast_head":"<!-- This site is optimized with the Yoast SEO plugin v24.2 - https:\/\/yoast.com\/wordpress\/plugins\/seo\/ -->\n<title>Saulkrastu novada bibliot\u0113ka - Saulkrastu novada bibliot\u0113ka<\/title>\n<meta name=\"robots\" content=\"index, follow, max-snippet:-1, max-image-preview:large, max-video-preview:-1\" \/>\n<link rel=\"canonical\" href=\"https:\/\/saulkrastubiblioteka.lv\/index.php\/saulkrastu-novada-biblioteka\/\" \/>\n<meta property=\"og:locale\" content=\"lv_LV\" \/>\n<meta property=\"og:type\" content=\"article\" \/>\n<meta property=\"og:title\" content=\"Saulkrastu novada bibliot\u0113ka - Saulkrastu novada bibliot\u0113ka\" \/>\n<meta property=\"og:description\" content=\"T\u0101lrunis:67951502, 25767667 E-pasts:saulkrastu.biblioteka@saulkrasti.lv Adrese:Rai\u0146a iela 7, Saulkrasti,Saulkrastu novads, LV\u20132160VAD\u012aT\u0100JADARBINIEKI Bibliot\u0113kas rekviz\u012bti Maks\u0101t\u0101js: Saulkrastu novada domeRai\u0146a iel\u0101 8, Saulkrastos, LV-2160Re\u0123.Nr. LV90000068680PVN maks\u0101t\u0101ja Re\u0123.Nr. LV90000068680Konts Nr. LV78UNLA0050008528948AS SEB banka, kods: UNLALV2X Sa\u0146\u0113m\u0113js: Saulkrastu novada bibliot\u0113kaPieg\u0101des adrese: Rai\u0146a iel\u0101 7, Saulkrastos, LV-2160\" \/>\n<meta property=\"og:url\" content=\"https:\/\/saulkrastubiblioteka.lv\/index.php\/saulkrastu-novada-biblioteka\/\" \/>\n<meta property=\"og:site_name\" content=\"Saulkrastu novada bibliot\u0113ka\" \/>\n<meta property=\"article:modified_time\" content=\"2021-09-23T08:08:14+00:00\" \/>\n<meta name=\"twitter:card\" content=\"summary_large_image\" \/>\n<script type=\"application\/ld+json\" class=\"yoast-schema-graph\">{\"@context\":\"https:\/\/schema.org\",\"@graph\":[{\"@type\":\"WebPage\",\"@id\":\"https:\/\/saulkrastubiblioteka.lv\/index.php\/saulkrastu-novada-biblioteka\/\",\"url\":\"https:\/\/saulkrastubiblioteka.lv\/index.php\/saulkrastu-novada-biblioteka\/\",\"name\":\"Saulkrastu novada bibliot\u0113ka - Saulkrastu novada bibliot\u0113ka\",\"isPartOf\":{\"@id\":\"https:\/\/saulkrastubiblioteka.lv\/#website\"},\"datePublished\":\"2021-09-23T08:08:13+00:00\",\"dateModified\":\"2021-09-23T08:08:14+00:00\",\"breadcrumb\":{\"@id\":\"https:\/\/saulkrastubiblioteka.lv\/index.php\/saulkrastu-novada-biblioteka\/#breadcrumb\"},\"inLanguage\":\"lv-LV\",\"potentialAction\":[{\"@type\":\"ReadAction\",\"target\":[\"https:\/\/saulkrastubiblioteka.lv\/index.php\/saulkrastu-novada-biblioteka\/\"]}]},{\"@type\":\"BreadcrumbList\",\"@id\":\"https:\/\/saulkrastubiblioteka.lv\/index.php\/saulkrastu-novada-biblioteka\/#breadcrumb\",\"itemListElement\":[{\"@type\":\"ListItem\",\"position\":1,\"name\":\"Home\",\"item\":\"https:\/\/saulkrastubiblioteka.lv\/\"},{\"@type\":\"ListItem\",\"position\":2,\"name\":\"Saulkrastu novada bibliot\u0113ka\"}]},{\"@type\":\"WebSite\",\"@id\":\"https:\/\/saulkrastubiblioteka.lv\/#website\",\"url\":\"https:\/\/saulkrastubiblioteka.lv\/\",\"name\":\"Saulkrastu novada bibliot\u0113ka\",\"description\":\"Vieta, kur labi pavad\u012bt laiku un pab\u016bt mier\u0101\",\"publisher\":{\"@id\":\"https:\/\/saulkrastubiblioteka.lv\/#organization\"},\"potentialAction\":[{\"@type\":\"SearchAction\",\"target\":{\"@type\":\"EntryPoint\",\"urlTemplate\":\"https:\/\/saulkrastubiblioteka.lv\/?s={search_term_string}\"},\"query-input\":{\"@type\":\"PropertyValueSpecification\",\"valueRequired\":true,\"valueName\":\"search_term_string\"}}],\"inLanguage\":\"lv-LV\"},{\"@type\":\"Organization\",\"@id\":\"https:\/\/saulkrastubiblioteka.lv\/#organization\",\"name\":\"Saulkrastu novada bibliot\u0113ka\",\"url\":\"https:\/\/saulkrastubiblioteka.lv\/\",\"logo\":{\"@type\":\"ImageObject\",\"inLanguage\":\"lv-LV\",\"@id\":\"https:\/\/saulkrastubiblioteka.lv\/#\/schema\/logo\/image\/\",\"url\":\"https:\/\/saulkrastubiblioteka.lv\/wp-content\/uploads\/2021\/01\/cropped-logo.png\",\"contentUrl\":\"https:\/\/saulkrastubiblioteka.lv\/wp-content\/uploads\/2021\/01\/cropped-logo.png\",\"width\":240,\"height\":240,\"caption\":\"Saulkrastu novada bibliot\u0113ka\"},\"image\":{\"@id\":\"https:\/\/saulkrastubiblioteka.lv\/#\/schema\/logo\/image\/\"}}]}<\/script>\n<!-- \/ Yoast SEO plugin. -->","yoast_head_json":{"title":"Saulkrastu novada bibliot\u0113ka - Saulkrastu novada bibliot\u0113ka","robots":{"index":"index","follow":"follow","max-snippet":"max-snippet:-1","max-image-preview":"max-image-preview:large","max-video-preview":"max-video-preview:-1"},"canonical":"https:\/\/saulkrastubiblioteka.lv\/index.php\/saulkrastu-novada-biblioteka\/","og_locale":"lv_LV","og_type":"article","og_title":"Saulkrastu novada bibliot\u0113ka - Saulkrastu novada bibliot\u0113ka","og_description":"T\u0101lrunis:67951502, 25767667 E-pasts:saulkrastu.biblioteka@saulkrasti.lv Adrese:Rai\u0146a iela 7, Saulkrasti,Saulkrastu novads, LV\u20132160VAD\u012aT\u0100JADARBINIEKI Bibliot\u0113kas rekviz\u012bti Maks\u0101t\u0101js: Saulkrastu novada domeRai\u0146a iel\u0101 8, Saulkrastos, LV-2160Re\u0123.Nr. LV90000068680PVN maks\u0101t\u0101ja Re\u0123.Nr. LV90000068680Konts Nr. LV78UNLA0050008528948AS SEB banka, kods: UNLALV2X Sa\u0146\u0113m\u0113js: Saulkrastu novada bibliot\u0113kaPieg\u0101des adrese: Rai\u0146a iel\u0101 7, Saulkrastos, LV-2160","og_url":"https:\/\/saulkrastubiblioteka.lv\/index.php\/saulkrastu-novada-biblioteka\/","og_site_name":"Saulkrastu novada bibliot\u0113ka","article_modified_time":"2021-09-23T08:08:14+00:00","twitter_card":"summary_large_image","schema":{"@context":"https:\/\/schema.org","@graph":[{"@type":"WebPage","@id":"https:\/\/saulkrastubiblioteka.lv\/index.php\/saulkrastu-novada-biblioteka\/","url":"https:\/\/saulkrastubiblioteka.lv\/index.php\/saulkrastu-novada-biblioteka\/","name":"Saulkrastu novada bibliot\u0113ka - Saulkrastu novada bibliot\u0113ka","isPartOf":{"@id":"https:\/\/saulkrastubiblioteka.lv\/#website"},"datePublished":"2021-09-23T08:08:13+00:00","dateModified":"2021-09-23T08:08:14+00:00","breadcrumb":{"@id":"https:\/\/saulkrastubiblioteka.lv\/index.php\/saulkrastu-novada-biblioteka\/#breadcrumb"},"inLanguage":"lv-LV","potentialAction":[{"@type":"ReadAction","target":["https:\/\/saulkrastubiblioteka.lv\/index.php\/saulkrastu-novada-biblioteka\/"]}]},{"@type":"BreadcrumbList","@id":"https:\/\/saulkrastubiblioteka.lv\/index.php\/saulkrastu-novada-biblioteka\/#breadcrumb","itemListElement":[{"@type":"ListItem","position":1,"name":"Home","item":"https:\/\/saulkrastubiblioteka.lv\/"},{"@type":"ListItem","position":2,"name":"Saulkrastu novada bibliot\u0113ka"}]},{"@type":"WebSite","@id":"https:\/\/saulkrastubiblioteka.lv\/#website","url":"https:\/\/saulkrastubiblioteka.lv\/","name":"Saulkrastu novada bibliot\u0113ka","description":"Vieta, kur labi pavad\u012bt laiku un pab\u016bt mier\u0101","publisher":{"@id":"https:\/\/saulkrastubiblioteka.lv\/#organization"},"potentialAction":[{"@type":"SearchAction","target":{"@type":"EntryPoint","urlTemplate":"https:\/\/saulkrastubiblioteka.lv\/?s={search_term_string}"},"query-input":{"@type":"PropertyValueSpecification","valueRequired":true,"valueName":"search_term_string"}}],"inLanguage":"lv-LV"},{"@type":"Organization","@id":"https:\/\/saulkrastubiblioteka.lv\/#organization","name":"Saulkrastu novada bibliot\u0113ka","url":"https:\/\/saulkrastubiblioteka.lv\/","logo":{"@type":"ImageObject","inLanguage":"lv-LV","@id":"https:\/\/saulkrastubiblioteka.lv\/#\/schema\/logo\/image\/","url":"https:\/\/saulkrastubiblioteka.lv\/wp-content\/uploads\/2021\/01\/cropped-logo.png","contentUrl":"https:\/\/saulkrastubiblioteka.lv\/wp-content\/uploads\/2021\/01\/cropped-logo.png","width":240,"height":240,"caption":"Saulkrastu novada bibliot\u0113ka"},"image":{"@id":"https:\/\/saulkrastubiblioteka.lv\/#\/schema\/logo\/image\/"}}]}},"_links":{"self":[{"href":"https:\/\/saulkrastubiblioteka.lv\/index.php\/wp-json\/wp\/v2\/pages\/5884","targetHints":{"allow":["GET"]}}],"collection":[{"href":"https:\/\/saulkrastubiblioteka.lv\/index.php\/wp-json\/wp\/v2\/pages"}],"about":[{"href":"https:\/\/saulkrastubiblioteka.lv\/index.php\/wp-json\/wp\/v2\/types\/page"}],"author":[{"embeddable":true,"href":"https:\/\/saulkrastubiblioteka.lv\/index.php\/wp-json\/wp\/v2\/users\/1"}],"replies":[{"embeddable":true,"href":"https:\/\/saulkrastubiblioteka.lv\/index.php\/wp-json\/wp\/v2\/comments?post=5884"}],"version-history":[{"count":1,"href":"https:\/\/saulkrastubiblioteka.lv\/index.php\/wp-json\/wp\/v2\/pages\/5884\/revisions"}],"predecessor-version":[{"id":5886,"href":"https:\/\/saulkrastubiblioteka.lv\/index.php\/wp-json\/wp\/v2\/pages\/5884\/revisions\/5886"}],"wp:attachment":[{"href":"https:\/\/saulkrastubiblioteka.lv\/index.php\/wp-json\/wp\/v2\/media?parent=5884"}],"curies":[{"name":"wp","href":"https:\/\/api.w.org\/{rel}","templated":true}]}}