{"id":3809,"date":"2020-11-04T07:28:39","date_gmt":"2020-11-04T07:28:39","guid":{"rendered":"https:\/\/saulkrastubiblioteka.lv\/?page_id=3809"},"modified":"2020-11-04T13:28:39","modified_gmt":"2020-11-04T13:28:39","slug":"projektizstrade","status":"publish","type":"page","link":"https:\/\/saulkrastubiblioteka.lv\/index.php\/projektizstrade\/","title":{"rendered":"Projektizstr\u0101de"},"content":{"rendered":"\n<p><em>Laik\u0101 no <strong>2019. gada novembra l\u012bdz 2020. gada 25.oktobrim <\/strong>Saulkrastu novada bibliot\u0113k\u0101 tiek \u012bstenots <strong><a href=\"http:\/\/www.kkf.lv\/\">Valsts kult\u016brkapit\u0101la fonda<\/a><\/strong> atbalst\u012bts projekts <a href=\"https:\/\/saulkrastubiblioteka.lv\/index.php\/category\/lasitava-krustojuma-3-karta\/\"><strong>\u201cLas\u012btava krustojum\u0101. 3. k\u0101rta\u201d<\/strong><\/a><\/em><\/p>\n\n\n\n<p><em>Laik\u0101 no <strong>2018. gada novembra l\u012bdz 2019. gada 31.maijam<\/strong> Saulkrastu novada bibliot\u0113k\u0101 tiek \u012bstenots <strong><a href=\"http:\/\/www.kkf.lv\/\">Valsts kult\u016brkapit\u0101la fonda<\/a><\/strong> atbalst\u012bts projekts <strong><a href=\"https:\/\/saulkrastubiblioteka.lv\/index.php\/category\/lasitava-krustojuma-2-karta\/\">&#8220;Las\u012btava krustojum\u0101. 2. k\u0101rta&#8221;<\/a><\/strong><\/em><\/p>\n\n\n\n<p><em>Laik\u0101 no <strong>2017. gada 20. novembra l\u012bdz 2018. gada 31. maijam<\/strong> Saulkrastu novada bibliot\u0113k\u0101 tiek \u012bstenots <strong><a href=\"http:\/\/www.kkf.lv\/\">Valsts kult\u016brkapit\u0101la fonda<\/a> <\/strong>atbalst\u012bts projekts&nbsp;<a rel=\"noreferrer noopener\" href=\"https:\/\/saulkrastubiblioteka.lv\/index.php\/category\/lasitava-krustojuma-1-karta\/\" target=\"_blank\">\u201c<strong>Las\u012btava krustojum\u0101\u201d<\/strong><\/a><\/em><\/p>\n\n\n\n<p><\/p>\n\n\n\n<p><\/p>\n\n\n\n<p><strong>DAL\u012aBA PROJEKTOS<\/strong><\/p>\n\n\n\n<figure class=\"wp-block-image size-large is-resized\"><a href=\"https:\/\/saulkrastubiblioteka.lv\/index.php\/category\/bernu-zurija\/\"><img decoding=\"async\" src=\"https:\/\/saulkrastubiblioteka.lv\/wp-content\/uploads\/2020\/02\/b-1024x294.jpg\" alt=\"\" class=\"wp-image-2738\" width=\"250\" srcset=\"https:\/\/saulkrastubiblioteka.lv\/wp-content\/uploads\/2020\/02\/b-1024x294.jpg 1024w, https:\/\/saulkrastubiblioteka.lv\/wp-content\/uploads\/2020\/02\/b-300x86.jpg 300w, https:\/\/saulkrastubiblioteka.lv\/wp-content\/uploads\/2020\/02\/b-768x221.jpg 768w, https:\/\/saulkrastubiblioteka.lv\/wp-content\/uploads\/2020\/02\/b.jpg 1104w\" sizes=\"(max-width: 709px) 85vw, (max-width: 909px) 67vw, (max-width: 1362px) 62vw, 840px\" \/><\/a><\/figure>\n\n\n\n<p><\/p>\n\n\n\n<figure class=\"wp-block-image size-large is-resized\"><a href=\"https:\/\/saulkrastubiblioteka.lv\/index.php\/category\/musu-maza-biblioteka\/\"><img decoding=\"async\" src=\"https:\/\/saulkrastubiblioteka.lv\/wp-content\/uploads\/2020\/02\/m-1024x302.jpg\" alt=\"\" class=\"wp-image-2739\" width=\"250\" srcset=\"https:\/\/saulkrastubiblioteka.lv\/wp-content\/uploads\/2020\/02\/m-1024x302.jpg 1024w, https:\/\/saulkrastubiblioteka.lv\/wp-content\/uploads\/2020\/02\/m-300x88.jpg 300w, https:\/\/saulkrastubiblioteka.lv\/wp-content\/uploads\/2020\/02\/m-768x226.jpg 768w, https:\/\/saulkrastubiblioteka.lv\/wp-content\/uploads\/2020\/02\/m.jpg 1083w\" sizes=\"(max-width: 709px) 85vw, (max-width: 909px) 67vw, (max-width: 1362px) 62vw, 840px\" \/><\/a><\/figure>\n\n\n\n<p><\/p>\n\n\n\n<figure class=\"wp-block-image size-large is-resized\"><a href=\"https:\/\/saulkrastubiblioteka.lv\/index.php\/category\/mazo-puculenu-skola\/\"><img decoding=\"async\" src=\"https:\/\/saulkrastubiblioteka.lv\/wp-content\/uploads\/2020\/02\/p-1024x167.jpg\" alt=\"\" class=\"wp-image-2740\" width=\"250\" srcset=\"https:\/\/saulkrastubiblioteka.lv\/wp-content\/uploads\/2020\/02\/p-1024x167.jpg 1024w, https:\/\/saulkrastubiblioteka.lv\/wp-content\/uploads\/2020\/02\/p-300x49.jpg 300w, https:\/\/saulkrastubiblioteka.lv\/wp-content\/uploads\/2020\/02\/p-768x125.jpg 768w, https:\/\/saulkrastubiblioteka.lv\/wp-content\/uploads\/2020\/02\/p-1200x195.jpg 1200w, https:\/\/saulkrastubiblioteka.lv\/wp-content\/uploads\/2020\/02\/p.jpg 1266w\" sizes=\"(max-width: 709px) 85vw, (max-width: 909px) 67vw, (max-width: 1362px) 62vw, 840px\" \/><\/a><\/figure>\n\n\n\n<p><\/p>\n\n\n\n<figure class=\"wp-block-image size-large is-resized\"><a href=\"https:\/\/www.nordisklitteratur.org\/lv\/\"><img decoding=\"async\" src=\"https:\/\/saulkrastubiblioteka.lv\/wp-content\/uploads\/2020\/02\/z.jpg\" alt=\"\" class=\"wp-image-2736\" width=\"250\" srcset=\"https:\/\/saulkrastubiblioteka.lv\/wp-content\/uploads\/2020\/02\/z.jpg 1008w, https:\/\/saulkrastubiblioteka.lv\/wp-content\/uploads\/2020\/02\/z-300x78.jpg 300w, https:\/\/saulkrastubiblioteka.lv\/wp-content\/uploads\/2020\/02\/z-768x200.jpg 768w\" sizes=\"(max-width: 709px) 85vw, (max-width: 909px) 67vw, (max-width: 1362px) 62vw, 840px\" \/><\/a><\/figure>\n","protected":false},"excerpt":{"rendered":"<p>Laik\u0101 no 2019. gada novembra l\u012bdz 2020. gada 25.oktobrim Saulkrastu novada bibliot\u0113k\u0101 tiek \u012bstenots Valsts kult\u016brkapit\u0101la fonda atbalst\u012bts projekts \u201cLas\u012btava krustojum\u0101. 3. k\u0101rta\u201d Laik\u0101 no 2018. gada novembra l\u012bdz 2019. gada 31.maijam Saulkrastu novada bibliot\u0113k\u0101 tiek \u012bstenots Valsts kult\u016brkapit\u0101la fonda atbalst\u012bts projekts &#8220;Las\u012btava krustojum\u0101. 2. k\u0101rta&#8221; Laik\u0101 no 2017. gada 20. novembra l\u012bdz 2018. gada &hellip; <a href=\"https:\/\/saulkrastubiblioteka.lv\/index.php\/projektizstrade\/\" class=\"more-link\">Turpin\u0101t las\u012bt<span class=\"screen-reader-text\"> &#8220;Projektizstr\u0101de&#8221;<\/span><\/a><\/p>\n","protected":false},"author":1,"featured_media":0,"parent":0,"menu_order":0,"comment_status":"closed","ping_status":"closed","template":"","meta":{"footnotes":""},"class_list":["post-3809","page","type-page","status-publish","hentry"],"yoast_head":"<!-- This site is optimized with the Yoast SEO plugin v24.2 - https:\/\/yoast.com\/wordpress\/plugins\/seo\/ -->\n<title>Projektizstr\u0101de - Saulkrastu novada bibliot\u0113ka<\/title>\n<meta name=\"robots\" content=\"index, follow, max-snippet:-1, max-image-preview:large, max-video-preview:-1\" \/>\n<link rel=\"canonical\" href=\"https:\/\/saulkrastubiblioteka.lv\/index.php\/projektizstrade\/\" \/>\n<meta property=\"og:locale\" content=\"lv_LV\" \/>\n<meta property=\"og:type\" content=\"article\" \/>\n<meta property=\"og:title\" content=\"Projektizstr\u0101de - Saulkrastu novada bibliot\u0113ka\" \/>\n<meta property=\"og:description\" content=\"Laik\u0101 no 2019. gada novembra l\u012bdz 2020. gada 25.oktobrim Saulkrastu novada bibliot\u0113k\u0101 tiek \u012bstenots Valsts kult\u016brkapit\u0101la fonda atbalst\u012bts projekts \u201cLas\u012btava krustojum\u0101. 3. k\u0101rta\u201d Laik\u0101 no 2018. gada novembra l\u012bdz 2019. gada 31.maijam Saulkrastu novada bibliot\u0113k\u0101 tiek \u012bstenots Valsts kult\u016brkapit\u0101la fonda atbalst\u012bts projekts &#8220;Las\u012btava krustojum\u0101. 2. k\u0101rta&#8221; Laik\u0101 no 2017. gada 20. novembra l\u012bdz 2018. gada &hellip; Turpin\u0101t las\u012bt &quot;Projektizstr\u0101de&quot;\" \/>\n<meta property=\"og:url\" content=\"https:\/\/saulkrastubiblioteka.lv\/index.php\/projektizstrade\/\" \/>\n<meta property=\"og:site_name\" content=\"Saulkrastu novada bibliot\u0113ka\" \/>\n<meta property=\"article:modified_time\" content=\"2020-11-04T13:28:39+00:00\" \/>\n<meta property=\"og:image\" content=\"https:\/\/saulkrastubiblioteka.lv\/wp-content\/uploads\/2020\/02\/b-1024x294.jpg\" \/>\n<meta name=\"twitter:card\" content=\"summary_large_image\" \/>\n<script type=\"application\/ld+json\" class=\"yoast-schema-graph\">{\"@context\":\"https:\/\/schema.org\",\"@graph\":[{\"@type\":\"WebPage\",\"@id\":\"https:\/\/saulkrastubiblioteka.lv\/index.php\/projektizstrade\/\",\"url\":\"https:\/\/saulkrastubiblioteka.lv\/index.php\/projektizstrade\/\",\"name\":\"Projektizstr\u0101de - Saulkrastu novada bibliot\u0113ka\",\"isPartOf\":{\"@id\":\"https:\/\/saulkrastubiblioteka.lv\/#website\"},\"primaryImageOfPage\":{\"@id\":\"https:\/\/saulkrastubiblioteka.lv\/index.php\/projektizstrade\/#primaryimage\"},\"image\":{\"@id\":\"https:\/\/saulkrastubiblioteka.lv\/index.php\/projektizstrade\/#primaryimage\"},\"thumbnailUrl\":\"https:\/\/saulkrastubiblioteka.lv\/wp-content\/uploads\/2020\/02\/b-1024x294.jpg\",\"datePublished\":\"2020-11-04T07:28:39+00:00\",\"dateModified\":\"2020-11-04T13:28:39+00:00\",\"breadcrumb\":{\"@id\":\"https:\/\/saulkrastubiblioteka.lv\/index.php\/projektizstrade\/#breadcrumb\"},\"inLanguage\":\"lv-LV\",\"potentialAction\":[{\"@type\":\"ReadAction\",\"target\":[\"https:\/\/saulkrastubiblioteka.lv\/index.php\/projektizstrade\/\"]}]},{\"@type\":\"ImageObject\",\"inLanguage\":\"lv-LV\",\"@id\":\"https:\/\/saulkrastubiblioteka.lv\/index.php\/projektizstrade\/#primaryimage\",\"url\":\"https:\/\/saulkrastubiblioteka.lv\/wp-content\/uploads\/2020\/02\/b.jpg\",\"contentUrl\":\"https:\/\/saulkrastubiblioteka.lv\/wp-content\/uploads\/2020\/02\/b.jpg\",\"width\":1104,\"height\":317},{\"@type\":\"BreadcrumbList\",\"@id\":\"https:\/\/saulkrastubiblioteka.lv\/index.php\/projektizstrade\/#breadcrumb\",\"itemListElement\":[{\"@type\":\"ListItem\",\"position\":1,\"name\":\"Home\",\"item\":\"https:\/\/saulkrastubiblioteka.lv\/\"},{\"@type\":\"ListItem\",\"position\":2,\"name\":\"Projektizstr\u0101de\"}]},{\"@type\":\"WebSite\",\"@id\":\"https:\/\/saulkrastubiblioteka.lv\/#website\",\"url\":\"https:\/\/saulkrastubiblioteka.lv\/\",\"name\":\"Saulkrastu novada bibliot\u0113ka\",\"description\":\"Vieta, kur labi pavad\u012bt laiku un pab\u016bt mier\u0101\",\"publisher\":{\"@id\":\"https:\/\/saulkrastubiblioteka.lv\/#organization\"},\"potentialAction\":[{\"@type\":\"SearchAction\",\"target\":{\"@type\":\"EntryPoint\",\"urlTemplate\":\"https:\/\/saulkrastubiblioteka.lv\/?s={search_term_string}\"},\"query-input\":{\"@type\":\"PropertyValueSpecification\",\"valueRequired\":true,\"valueName\":\"search_term_string\"}}],\"inLanguage\":\"lv-LV\"},{\"@type\":\"Organization\",\"@id\":\"https:\/\/saulkrastubiblioteka.lv\/#organization\",\"name\":\"Saulkrastu novada bibliot\u0113ka\",\"url\":\"https:\/\/saulkrastubiblioteka.lv\/\",\"logo\":{\"@type\":\"ImageObject\",\"inLanguage\":\"lv-LV\",\"@id\":\"https:\/\/saulkrastubiblioteka.lv\/#\/schema\/logo\/image\/\",\"url\":\"https:\/\/saulkrastubiblioteka.lv\/wp-content\/uploads\/2021\/01\/cropped-logo.png\",\"contentUrl\":\"https:\/\/saulkrastubiblioteka.lv\/wp-content\/uploads\/2021\/01\/cropped-logo.png\",\"width\":240,\"height\":240,\"caption\":\"Saulkrastu novada bibliot\u0113ka\"},\"image\":{\"@id\":\"https:\/\/saulkrastubiblioteka.lv\/#\/schema\/logo\/image\/\"}}]}<\/script>\n<!-- \/ Yoast SEO plugin. -->","yoast_head_json":{"title":"Projektizstr\u0101de - Saulkrastu novada bibliot\u0113ka","robots":{"index":"index","follow":"follow","max-snippet":"max-snippet:-1","max-image-preview":"max-image-preview:large","max-video-preview":"max-video-preview:-1"},"canonical":"https:\/\/saulkrastubiblioteka.lv\/index.php\/projektizstrade\/","og_locale":"lv_LV","og_type":"article","og_title":"Projektizstr\u0101de - Saulkrastu novada bibliot\u0113ka","og_description":"Laik\u0101 no 2019. gada novembra l\u012bdz 2020. gada 25.oktobrim Saulkrastu novada bibliot\u0113k\u0101 tiek \u012bstenots Valsts kult\u016brkapit\u0101la fonda atbalst\u012bts projekts \u201cLas\u012btava krustojum\u0101. 3. k\u0101rta\u201d Laik\u0101 no 2018. gada novembra l\u012bdz 2019. gada 31.maijam Saulkrastu novada bibliot\u0113k\u0101 tiek \u012bstenots Valsts kult\u016brkapit\u0101la fonda atbalst\u012bts projekts &#8220;Las\u012btava krustojum\u0101. 2. k\u0101rta&#8221; Laik\u0101 no 2017. gada 20. novembra l\u012bdz 2018. gada &hellip; Turpin\u0101t las\u012bt \"Projektizstr\u0101de\"","og_url":"https:\/\/saulkrastubiblioteka.lv\/index.php\/projektizstrade\/","og_site_name":"Saulkrastu novada bibliot\u0113ka","article_modified_time":"2020-11-04T13:28:39+00:00","og_image":[{"url":"https:\/\/saulkrastubiblioteka.lv\/wp-content\/uploads\/2020\/02\/b-1024x294.jpg","type":"","width":"","height":""}],"twitter_card":"summary_large_image","schema":{"@context":"https:\/\/schema.org","@graph":[{"@type":"WebPage","@id":"https:\/\/saulkrastubiblioteka.lv\/index.php\/projektizstrade\/","url":"https:\/\/saulkrastubiblioteka.lv\/index.php\/projektizstrade\/","name":"Projektizstr\u0101de - Saulkrastu novada bibliot\u0113ka","isPartOf":{"@id":"https:\/\/saulkrastubiblioteka.lv\/#website"},"primaryImageOfPage":{"@id":"https:\/\/saulkrastubiblioteka.lv\/index.php\/projektizstrade\/#primaryimage"},"image":{"@id":"https:\/\/saulkrastubiblioteka.lv\/index.php\/projektizstrade\/#primaryimage"},"thumbnailUrl":"https:\/\/saulkrastubiblioteka.lv\/wp-content\/uploads\/2020\/02\/b-1024x294.jpg","datePublished":"2020-11-04T07:28:39+00:00","dateModified":"2020-11-04T13:28:39+00:00","breadcrumb":{"@id":"https:\/\/saulkrastubiblioteka.lv\/index.php\/projektizstrade\/#breadcrumb"},"inLanguage":"lv-LV","potentialAction":[{"@type":"ReadAction","target":["https:\/\/saulkrastubiblioteka.lv\/index.php\/projektizstrade\/"]}]},{"@type":"ImageObject","inLanguage":"lv-LV","@id":"https:\/\/saulkrastubiblioteka.lv\/index.php\/projektizstrade\/#primaryimage","url":"https:\/\/saulkrastubiblioteka.lv\/wp-content\/uploads\/2020\/02\/b.jpg","contentUrl":"https:\/\/saulkrastubiblioteka.lv\/wp-content\/uploads\/2020\/02\/b.jpg","width":1104,"height":317},{"@type":"BreadcrumbList","@id":"https:\/\/saulkrastubiblioteka.lv\/index.php\/projektizstrade\/#breadcrumb","itemListElement":[{"@type":"ListItem","position":1,"name":"Home","item":"https:\/\/saulkrastubiblioteka.lv\/"},{"@type":"ListItem","position":2,"name":"Projektizstr\u0101de"}]},{"@type":"WebSite","@id":"https:\/\/saulkrastubiblioteka.lv\/#website","url":"https:\/\/saulkrastubiblioteka.lv\/","name":"Saulkrastu novada bibliot\u0113ka","description":"Vieta, kur labi pavad\u012bt laiku un pab\u016bt mier\u0101","publisher":{"@id":"https:\/\/saulkrastubiblioteka.lv\/#organization"},"potentialAction":[{"@type":"SearchAction","target":{"@type":"EntryPoint","urlTemplate":"https:\/\/saulkrastubiblioteka.lv\/?s={search_term_string}"},"query-input":{"@type":"PropertyValueSpecification","valueRequired":true,"valueName":"search_term_string"}}],"inLanguage":"lv-LV"},{"@type":"Organization","@id":"https:\/\/saulkrastubiblioteka.lv\/#organization","name":"Saulkrastu novada bibliot\u0113ka","url":"https:\/\/saulkrastubiblioteka.lv\/","logo":{"@type":"ImageObject","inLanguage":"lv-LV","@id":"https:\/\/saulkrastubiblioteka.lv\/#\/schema\/logo\/image\/","url":"https:\/\/saulkrastubiblioteka.lv\/wp-content\/uploads\/2021\/01\/cropped-logo.png","contentUrl":"https:\/\/saulkrastubiblioteka.lv\/wp-content\/uploads\/2021\/01\/cropped-logo.png","width":240,"height":240,"caption":"Saulkrastu novada bibliot\u0113ka"},"image":{"@id":"https:\/\/saulkrastubiblioteka.lv\/#\/schema\/logo\/image\/"}}]}},"_links":{"self":[{"href":"https:\/\/saulkrastubiblioteka.lv\/index.php\/wp-json\/wp\/v2\/pages\/3809","targetHints":{"allow":["GET"]}}],"collection":[{"href":"https:\/\/saulkrastubiblioteka.lv\/index.php\/wp-json\/wp\/v2\/pages"}],"about":[{"href":"https:\/\/saulkrastubiblioteka.lv\/index.php\/wp-json\/wp\/v2\/types\/page"}],"author":[{"embeddable":true,"href":"https:\/\/saulkrastubiblioteka.lv\/index.php\/wp-json\/wp\/v2\/users\/1"}],"replies":[{"embeddable":true,"href":"https:\/\/saulkrastubiblioteka.lv\/index.php\/wp-json\/wp\/v2\/comments?post=3809"}],"version-history":[{"count":8,"href":"https:\/\/saulkrastubiblioteka.lv\/index.php\/wp-json\/wp\/v2\/pages\/3809\/revisions"}],"predecessor-version":[{"id":3847,"href":"https:\/\/saulkrastubiblioteka.lv\/index.php\/wp-json\/wp\/v2\/pages\/3809\/revisions\/3847"}],"wp:attachment":[{"href":"https:\/\/saulkrastubiblioteka.lv\/index.php\/wp-json\/wp\/v2\/media?parent=3809"}],"curies":[{"name":"wp","href":"https:\/\/api.w.org\/{rel}","templated":true}]}}