{"id":2743,"date":"2020-02-13T10:01:10","date_gmt":"2020-02-13T10:01:10","guid":{"rendered":"https:\/\/saulkrastubiblioteka.lv\/?page_id=2743"},"modified":"2024-04-02T10:08:11","modified_gmt":"2024-04-02T10:08:11","slug":"katalogs","status":"publish","type":"page","link":"https:\/\/saulkrastubiblioteka.lv\/index.php\/katalogs\/","title":{"rendered":"Par katalogu"},"content":{"rendered":"<section id=\"text-6\" class=\"widget widget_text\">\n<div class=\"textwidget\">\n<p><em>Gr\u0101matu kopkatalog\u0101 ir pieejama inform\u0101cija par Saulkrastu novada bibliot\u0113kas, fili\u0101les &#8220;S\u0113ja&#8221; un &#8220;Paba\u017ei&#8221; kr\u0101jumiem \u2013 (gr\u0101mat\u0101m, \u017eurn\u0101liem un laikrakstiem). <\/em><\/p>\n<p><strong>Lai izmantotu gr\u0101matu rezerv\u0113\u0161anu, las\u012bt\u0101jam:<\/strong><\/p>\n<ul>\n<li><em>j\u0101b\u016bt re\u0123istr\u0113tam Saulkrastu novada bibliot\u0113k\u0101 vai fili\u0101l\u0113 &#8220;S\u0113ja&#8221; un &#8220;Paba\u017ei&#8221;;<\/em><\/li>\n<li><em>j\u0101ierodas bibliot\u0113k\u0101s, l\u012bdzi \u0146emot las\u012bt\u0101ja karti, lai var\u0113tu sa\u0146emt autoriz\u0101cijas datus \u2013 lietot\u0101ja v\u0101rdu un paroli.<\/em><\/li>\n<\/ul>\n<p><strong>Kad las\u012bt\u0101js ir sa\u0146\u0113mis autoriz\u0101cijas datus, vi\u0146am ir iesp\u0113ja:<\/strong><\/p>\n<ul>\n<li><em>rezerv\u0113t gr\u0101matas, kas ir uz vietas bibliot\u0113k\u0101 vai pierakst\u012bties elektroniskaj\u0101 rind\u0101 uz gr\u0101matu, kura ir izsniegta citam las\u012bt\u0101jam;<\/em><\/li>\n<li><em>p\u0101rraudz\u012bt savus datus par gr\u0101matu nodo\u0161anas termi\u0146iem;<\/em><\/li>\n<li><em>piepras\u012bt termi\u0146a pagarin\u0101jumu.<\/em><\/li>\n<\/ul>\n<\/div>\n<\/section>\n\n\n<p><strong><a href=\"https:\/\/salaspils.biblioteka.lv\/AlisePAC\">Pier\u012bgas novadu bibliot\u0113ku kopkatalogs: <\/a><\/strong>(datub\u0101ze par <a href=\"https:\/\/www.biblioteka.salaspils.lv\/lv\/pierigas-publiskas-bibliotekas-saraksts\">Pier\u012bgas novadu bibliot\u0113ku<\/a> kr\u0101jumos eso\u0161aj\u0101m gr\u0101mat\u0101m, audio, video, no\u0161u, kar\u0161u un att\u0113lizdevumiem).<\/p>\n","protected":false},"excerpt":{"rendered":"<p>Gr\u0101matu kopkatalog\u0101 ir pieejama inform\u0101cija par Saulkrastu novada bibliot\u0113kas, fili\u0101les &#8220;S\u0113ja&#8221; un &#8220;Paba\u017ei&#8221; kr\u0101jumiem \u2013 (gr\u0101mat\u0101m, \u017eurn\u0101liem un laikrakstiem). Lai izmantotu gr\u0101matu rezerv\u0113\u0161anu, las\u012bt\u0101jam: j\u0101b\u016bt re\u0123istr\u0113tam Saulkrastu novada bibliot\u0113k\u0101 vai fili\u0101l\u0113 &#8220;S\u0113ja&#8221; un &#8220;Paba\u017ei&#8221;; j\u0101ierodas bibliot\u0113k\u0101s, l\u012bdzi \u0146emot las\u012bt\u0101ja karti, lai var\u0113tu sa\u0146emt autoriz\u0101cijas datus \u2013 lietot\u0101ja v\u0101rdu un paroli. Kad las\u012bt\u0101js ir sa\u0146\u0113mis autoriz\u0101cijas &hellip; <a href=\"https:\/\/saulkrastubiblioteka.lv\/index.php\/katalogs\/\" class=\"more-link\">Turpin\u0101t las\u012bt<span class=\"screen-reader-text\"> &#8220;Par katalogu&#8221;<\/span><\/a><\/p>\n","protected":false},"author":1,"featured_media":0,"parent":0,"menu_order":0,"comment_status":"closed","ping_status":"closed","template":"","meta":{"footnotes":""},"class_list":["post-2743","page","type-page","status-publish","hentry"],"yoast_head":"<!-- This site is optimized with the Yoast SEO plugin v24.2 - https:\/\/yoast.com\/wordpress\/plugins\/seo\/ -->\n<title>Par katalogu - Saulkrastu novada bibliot\u0113ka<\/title>\n<meta name=\"robots\" content=\"index, follow, max-snippet:-1, max-image-preview:large, max-video-preview:-1\" \/>\n<link rel=\"canonical\" href=\"https:\/\/saulkrastubiblioteka.lv\/index.php\/katalogs\/\" \/>\n<meta property=\"og:locale\" content=\"lv_LV\" \/>\n<meta property=\"og:type\" content=\"article\" \/>\n<meta property=\"og:title\" content=\"Par katalogu - Saulkrastu novada bibliot\u0113ka\" \/>\n<meta property=\"og:description\" content=\"Gr\u0101matu kopkatalog\u0101 ir pieejama inform\u0101cija par Saulkrastu novada bibliot\u0113kas, fili\u0101les &#8220;S\u0113ja&#8221; un &#8220;Paba\u017ei&#8221; kr\u0101jumiem \u2013 (gr\u0101mat\u0101m, \u017eurn\u0101liem un laikrakstiem). Lai izmantotu gr\u0101matu rezerv\u0113\u0161anu, las\u012bt\u0101jam: j\u0101b\u016bt re\u0123istr\u0113tam Saulkrastu novada bibliot\u0113k\u0101 vai fili\u0101l\u0113 &#8220;S\u0113ja&#8221; un &#8220;Paba\u017ei&#8221;; j\u0101ierodas bibliot\u0113k\u0101s, l\u012bdzi \u0146emot las\u012bt\u0101ja karti, lai var\u0113tu sa\u0146emt autoriz\u0101cijas datus \u2013 lietot\u0101ja v\u0101rdu un paroli. Kad las\u012bt\u0101js ir sa\u0146\u0113mis autoriz\u0101cijas &hellip; Turpin\u0101t las\u012bt &quot;Par katalogu&quot;\" \/>\n<meta property=\"og:url\" content=\"https:\/\/saulkrastubiblioteka.lv\/index.php\/katalogs\/\" \/>\n<meta property=\"og:site_name\" content=\"Saulkrastu novada bibliot\u0113ka\" \/>\n<meta property=\"article:modified_time\" content=\"2024-04-02T10:08:11+00:00\" \/>\n<meta name=\"twitter:card\" content=\"summary_large_image\" \/>\n<meta name=\"twitter:label1\" content=\"Est. reading time\" \/>\n\t<meta name=\"twitter:data1\" content=\"1 min\u016bte\" \/>\n<script type=\"application\/ld+json\" class=\"yoast-schema-graph\">{\"@context\":\"https:\/\/schema.org\",\"@graph\":[{\"@type\":\"WebPage\",\"@id\":\"https:\/\/saulkrastubiblioteka.lv\/index.php\/katalogs\/\",\"url\":\"https:\/\/saulkrastubiblioteka.lv\/index.php\/katalogs\/\",\"name\":\"Par katalogu - Saulkrastu novada bibliot\u0113ka\",\"isPartOf\":{\"@id\":\"https:\/\/saulkrastubiblioteka.lv\/#website\"},\"datePublished\":\"2020-02-13T10:01:10+00:00\",\"dateModified\":\"2024-04-02T10:08:11+00:00\",\"breadcrumb\":{\"@id\":\"https:\/\/saulkrastubiblioteka.lv\/index.php\/katalogs\/#breadcrumb\"},\"inLanguage\":\"lv-LV\",\"potentialAction\":[{\"@type\":\"ReadAction\",\"target\":[\"https:\/\/saulkrastubiblioteka.lv\/index.php\/katalogs\/\"]}]},{\"@type\":\"BreadcrumbList\",\"@id\":\"https:\/\/saulkrastubiblioteka.lv\/index.php\/katalogs\/#breadcrumb\",\"itemListElement\":[{\"@type\":\"ListItem\",\"position\":1,\"name\":\"Home\",\"item\":\"https:\/\/saulkrastubiblioteka.lv\/\"},{\"@type\":\"ListItem\",\"position\":2,\"name\":\"Par katalogu\"}]},{\"@type\":\"WebSite\",\"@id\":\"https:\/\/saulkrastubiblioteka.lv\/#website\",\"url\":\"https:\/\/saulkrastubiblioteka.lv\/\",\"name\":\"Saulkrastu novada bibliot\u0113ka\",\"description\":\"Vieta, kur labi pavad\u012bt laiku un pab\u016bt mier\u0101\",\"publisher\":{\"@id\":\"https:\/\/saulkrastubiblioteka.lv\/#organization\"},\"potentialAction\":[{\"@type\":\"SearchAction\",\"target\":{\"@type\":\"EntryPoint\",\"urlTemplate\":\"https:\/\/saulkrastubiblioteka.lv\/?s={search_term_string}\"},\"query-input\":{\"@type\":\"PropertyValueSpecification\",\"valueRequired\":true,\"valueName\":\"search_term_string\"}}],\"inLanguage\":\"lv-LV\"},{\"@type\":\"Organization\",\"@id\":\"https:\/\/saulkrastubiblioteka.lv\/#organization\",\"name\":\"Saulkrastu novada bibliot\u0113ka\",\"url\":\"https:\/\/saulkrastubiblioteka.lv\/\",\"logo\":{\"@type\":\"ImageObject\",\"inLanguage\":\"lv-LV\",\"@id\":\"https:\/\/saulkrastubiblioteka.lv\/#\/schema\/logo\/image\/\",\"url\":\"https:\/\/saulkrastubiblioteka.lv\/wp-content\/uploads\/2021\/01\/cropped-logo.png\",\"contentUrl\":\"https:\/\/saulkrastubiblioteka.lv\/wp-content\/uploads\/2021\/01\/cropped-logo.png\",\"width\":240,\"height\":240,\"caption\":\"Saulkrastu novada bibliot\u0113ka\"},\"image\":{\"@id\":\"https:\/\/saulkrastubiblioteka.lv\/#\/schema\/logo\/image\/\"}}]}<\/script>\n<!-- \/ Yoast SEO plugin. -->","yoast_head_json":{"title":"Par katalogu - Saulkrastu novada bibliot\u0113ka","robots":{"index":"index","follow":"follow","max-snippet":"max-snippet:-1","max-image-preview":"max-image-preview:large","max-video-preview":"max-video-preview:-1"},"canonical":"https:\/\/saulkrastubiblioteka.lv\/index.php\/katalogs\/","og_locale":"lv_LV","og_type":"article","og_title":"Par katalogu - Saulkrastu novada bibliot\u0113ka","og_description":"Gr\u0101matu kopkatalog\u0101 ir pieejama inform\u0101cija par Saulkrastu novada bibliot\u0113kas, fili\u0101les &#8220;S\u0113ja&#8221; un &#8220;Paba\u017ei&#8221; kr\u0101jumiem \u2013 (gr\u0101mat\u0101m, \u017eurn\u0101liem un laikrakstiem). Lai izmantotu gr\u0101matu rezerv\u0113\u0161anu, las\u012bt\u0101jam: j\u0101b\u016bt re\u0123istr\u0113tam Saulkrastu novada bibliot\u0113k\u0101 vai fili\u0101l\u0113 &#8220;S\u0113ja&#8221; un &#8220;Paba\u017ei&#8221;; j\u0101ierodas bibliot\u0113k\u0101s, l\u012bdzi \u0146emot las\u012bt\u0101ja karti, lai var\u0113tu sa\u0146emt autoriz\u0101cijas datus \u2013 lietot\u0101ja v\u0101rdu un paroli. Kad las\u012bt\u0101js ir sa\u0146\u0113mis autoriz\u0101cijas &hellip; Turpin\u0101t las\u012bt \"Par katalogu\"","og_url":"https:\/\/saulkrastubiblioteka.lv\/index.php\/katalogs\/","og_site_name":"Saulkrastu novada bibliot\u0113ka","article_modified_time":"2024-04-02T10:08:11+00:00","twitter_card":"summary_large_image","twitter_misc":{"Est. reading time":"1 min\u016bte"},"schema":{"@context":"https:\/\/schema.org","@graph":[{"@type":"WebPage","@id":"https:\/\/saulkrastubiblioteka.lv\/index.php\/katalogs\/","url":"https:\/\/saulkrastubiblioteka.lv\/index.php\/katalogs\/","name":"Par katalogu - Saulkrastu novada bibliot\u0113ka","isPartOf":{"@id":"https:\/\/saulkrastubiblioteka.lv\/#website"},"datePublished":"2020-02-13T10:01:10+00:00","dateModified":"2024-04-02T10:08:11+00:00","breadcrumb":{"@id":"https:\/\/saulkrastubiblioteka.lv\/index.php\/katalogs\/#breadcrumb"},"inLanguage":"lv-LV","potentialAction":[{"@type":"ReadAction","target":["https:\/\/saulkrastubiblioteka.lv\/index.php\/katalogs\/"]}]},{"@type":"BreadcrumbList","@id":"https:\/\/saulkrastubiblioteka.lv\/index.php\/katalogs\/#breadcrumb","itemListElement":[{"@type":"ListItem","position":1,"name":"Home","item":"https:\/\/saulkrastubiblioteka.lv\/"},{"@type":"ListItem","position":2,"name":"Par katalogu"}]},{"@type":"WebSite","@id":"https:\/\/saulkrastubiblioteka.lv\/#website","url":"https:\/\/saulkrastubiblioteka.lv\/","name":"Saulkrastu novada bibliot\u0113ka","description":"Vieta, kur labi pavad\u012bt laiku un pab\u016bt mier\u0101","publisher":{"@id":"https:\/\/saulkrastubiblioteka.lv\/#organization"},"potentialAction":[{"@type":"SearchAction","target":{"@type":"EntryPoint","urlTemplate":"https:\/\/saulkrastubiblioteka.lv\/?s={search_term_string}"},"query-input":{"@type":"PropertyValueSpecification","valueRequired":true,"valueName":"search_term_string"}}],"inLanguage":"lv-LV"},{"@type":"Organization","@id":"https:\/\/saulkrastubiblioteka.lv\/#organization","name":"Saulkrastu novada bibliot\u0113ka","url":"https:\/\/saulkrastubiblioteka.lv\/","logo":{"@type":"ImageObject","inLanguage":"lv-LV","@id":"https:\/\/saulkrastubiblioteka.lv\/#\/schema\/logo\/image\/","url":"https:\/\/saulkrastubiblioteka.lv\/wp-content\/uploads\/2021\/01\/cropped-logo.png","contentUrl":"https:\/\/saulkrastubiblioteka.lv\/wp-content\/uploads\/2021\/01\/cropped-logo.png","width":240,"height":240,"caption":"Saulkrastu novada bibliot\u0113ka"},"image":{"@id":"https:\/\/saulkrastubiblioteka.lv\/#\/schema\/logo\/image\/"}}]}},"_links":{"self":[{"href":"https:\/\/saulkrastubiblioteka.lv\/index.php\/wp-json\/wp\/v2\/pages\/2743","targetHints":{"allow":["GET"]}}],"collection":[{"href":"https:\/\/saulkrastubiblioteka.lv\/index.php\/wp-json\/wp\/v2\/pages"}],"about":[{"href":"https:\/\/saulkrastubiblioteka.lv\/index.php\/wp-json\/wp\/v2\/types\/page"}],"author":[{"embeddable":true,"href":"https:\/\/saulkrastubiblioteka.lv\/index.php\/wp-json\/wp\/v2\/users\/1"}],"replies":[{"embeddable":true,"href":"https:\/\/saulkrastubiblioteka.lv\/index.php\/wp-json\/wp\/v2\/comments?post=2743"}],"version-history":[{"count":8,"href":"https:\/\/saulkrastubiblioteka.lv\/index.php\/wp-json\/wp\/v2\/pages\/2743\/revisions"}],"predecessor-version":[{"id":8659,"href":"https:\/\/saulkrastubiblioteka.lv\/index.php\/wp-json\/wp\/v2\/pages\/2743\/revisions\/8659"}],"wp:attachment":[{"href":"https:\/\/saulkrastubiblioteka.lv\/index.php\/wp-json\/wp\/v2\/media?parent=2743"}],"curies":[{"name":"wp","href":"https:\/\/api.w.org\/{rel}","templated":true}]}}